)?
-26
Let x be (9*(-10)/(-15))/3. Let r(s) = -20 - 11*s - s**3 - 18 + 58 - 12 + 14*s**x. Calculate r(13).
34
Suppose -h - 15 = -2*b, 7*b = 6*b + 4*h + 11. Let k(i) = -7 - 24*i + b + 31*i - i**2 + 2. Determine k(8).
-6
Let h(l) be the second derivative of 2*l**3/3 + l**2 + 4721*l. Determine h(7).
30
Let q(y) = 3*y + 7. Let p(d) = 2*d + 4. Let k(c) = -5*p(c) + 3*q(c). Let s = -143 - -146. Suppose 0 = 2*o + z + 1 - 3, -3*o - 3 = s*z. What is k(o)?
-2
Let i(w) = 40*w - 2*w**2 - 135*w + 44*w + w**2 - 14 + 36*w. What is i(-12)?
22
Let g(i) be the first derivative of -i**4/4 - i**3/3 + i**2 + 13*i - 463. Calculate g(0).
13
Suppose 0 = 5*w - 52 - 73. Suppose 22 = 4*z + 2*q, -q + w = 5*z - 1. Let g(y) = y**3 - 3*y**2 - 8*y - 7. Let j be g(z). Let t(v) = -2*v**2 + 2*v + 1. Give t(j).
-11
Let o(u) = -4*u + 7*u**2 - 3*u + 5*u - 5*u - 6*u**2 - 1. Suppose -58*l - 8 = -59*l. What is o(l)?
7
Let t = 64 - 76. Let b = t + 12. Let d(p) = p**2 + p - 2. Let y be d(b). Let i(u) = 2*u**2 - 3*u - 1. Calculate i(y).
13
Let g be 32/(-6) - (-2)/6. Let i(d) = -15*d - 404. Let r be i(-27). Let o(q) = 3 + 1 + q + 1 - r + 6. Determine o(g).
5
Let w(r) = 3*r**3 - r**2 - 6*r + 1. Let g be w(0). Let h(t) = 29*t**2 + t. Give h(g).
30
Let p(w) be the first derivative of -1/3*w**3 + 12 + 3*w - 5*w**2. Give p(-10).
3
Let h(k) be the first derivative of 17*k**5/20 + k**3/6 - k**2/2 + 188*k + 177. Let n(z) be the first derivative of h(z). Determine n(1).
17
Suppose -2*o = s - 15, -o = 8*s - 6*s - 6. Let b(m) = 25*m - 56*m + o - m**2 + 24*m. Determine b(-8).
0
Let r be 6*(-3)/(-7)*(-154)/(-132). Let w(y) be the second derivative of 0 + 11*y - 1/12*y**4 + 1/2*y**r + y**2. Determine w(4).
-2
Let o(u) = -2*u**3 + 5*u**2 - 6*u + 2. Let c = 210 - 171. Suppose -c*y + 51 = -27. Calculate o(y).
-6
Let k(c) be the first derivative of -c**4 + c**3/3 + c**2 + c - 96450. Suppose 5*x - 6 = -q, -x + 2*q + 1 = 2. Let v be (0 + -1)/1*x. What is k(v)?
4
Let b(f) = f**3 - 7*f**2 - f - 4. Let w(i) = -157*i + 950. Let c be w(6). Calculate b(c).
52
Let m(l) = -l + 12. Let b be m(10). Let g(f) = 301*f**2 - 2*f - 5*f + 4 + b - 300*f**2. Calculate g(4).
-6
Let y(h) = -2*h**2 + 4*h + 9. Let v = 110 - 107. Let m(t) = -3*t**2 - 1 + 3*t + 0 + 11. Let o(j) = v*m(j) - 4*y(j). Determine o(-7).
-6
Suppose -2*m = -3 - 1. Let h(l) = 2*l + 2*l**2 + 5*l**2 - m + l**3 - 1. Let v be (-2)/((-2)/3*3)*(17 + -24). Give h(v).
-17
Let c(j) = -1. Let n(r) = -6*r - 12. Let x(q) = 10*c(q) - n(q). Let p(s) = -12*s + 17 + 27 + s - s**3 - 15*s**2. Let h be p(-14). Calculate x(h).
14
Let i(y) be the third derivative of -y**5/20 + 59*y**4/12 + 17*y**3/2 - y**2 + 1904*y. Calculate i(40).
-29
Let z(d) = d**3 + 7*d**2 - 17*d + 14. Let r be (-14839)/1562 + 1/2 + 0. Determine z(r).
5
Let k(q) = -34*q - 27. Let j be k(-1). Let x(t) = -6*t + 11. Let d(p) = -3*p + 6. Let i(a) = 5*d(a) - 2*x(a). Determine i(j).
-13
Let d(z) be the third derivative of -11*z**4/12 + 157*z**3/3 + 9019*z**2. Determine d(14).
6
Let n(w) = -w**2 - 9*w + 11. Suppose -3*k = -171 - 69. Suppose 7*z + z = -k. Let r be n(z). Let u(t) = 22*t - 1. What is u(r)?
21
Let p = -88 - -88. Suppose p*i = 2*i. Let x(s) = -s**2 + s + 4. Calculate x(i).
4
Suppose -3*m + 11 = 2*u, 5*u + 6 = -2*m - 5. Let r(c) = -14*c + 109. Determine r(m).
11
Let w(a) = 2*a. Let n(r) be the third derivative of -5/12*r**4 - 1/120*r**6 + 0 - 34*r**2 - 5/6*r**3 + 0*r - 1/10*r**5. Let h be n(-4). What is w(h)?
6
Let a(r) = 4*r**2 + 2*r - 4*r - 13*r**2 + r**3 + 4. Suppose 367*t - 36*t - 3064 + 85 = 0. Give a(t).
-14
Let f(w) = -4*w**2 + 9*w + 2*w**2 + 8 + 0*w**2. Suppose 24 = 2*q - 5*y, -259*y = 4*q - 260*y - 30. Give f(q).
-27
Let y(v) = -v**2 + 8*v - 7. Let i = -38 - -36. Let g be (-5)/i - (-23)/46. Suppose -27 + 6 = -g*o. Calculate y(o).
0
Let j(p) = 469*p + 98. Let b(i) = 11180*i + 2353. Let r(h) = -6*b(h) + 143*j(h). Give r(-8).
0
Suppose -240*t + 236*t = -268. Suppose 0 = 5*m + 5, t*c - 8 = 68*c - 3*m. Let y(d) = 3*d + 9. Calculate y(c).
-24
Let q = -11 + 16. Suppose 0 = q*t + 13 - 48. Let i be t - 4 - (-6)/3. Let v(y) = y**3 - 6*y**2 + 7*y - 4. Determine v(i).
6
Let p(m) = 0*m - 4*m + 0*m + m**2 - 6. Suppose 75 = t + 5*s, 3*t - 215 = 2*s - 24. Suppose 14*z - z - t = 0. Calculate p(z).
-1
Suppose -7 = 2*c - 5*l, 141*l - 137*l - 8 = 4*c. Let b(w) = 8*w**2 - 6*w - 3. Determine b(c).
11
Let i(r) = r - 43. Let a(o) = 13. Let k(f) = -18*a(f) - 4*i(f). Determine k(-15).
-2
Let b(a) be the first derivative of -13*a**2/2 + 96*a + 1965. Give b(6).
18
Let v(n) = n - 6*n**2 + 5*n**2 + 5 + 4*n. Suppose 24 = 5*h - 57*s + 55*s, 27 = 5*h - s. Give v(h).
-1
Let m(a) = -a**3 - a**2 - a - 1. Let n(u) = 4*u**3 - 5*u**2 + u + 14. Let o(x) = -3*m(x) - n(x). Let c = -19 - -27. Suppose 9*w = 8*w + c. Calculate o(w).
5
Let i be 2/8 + 52/(-16). Let x(o) = -28*o**3 + 36*o**2 - 102*o - 138. Let y(s) = -3*s**3 + 4*s**2 - 11*s - 15. Let q(m) = 4*x(m) - 37*y(m). Give q(i).
-3
Let f(o) = -9*o**3 + o**2. Suppose -5*m + 3*t = -1150, 5*m = -5*t + 84 + 1106. Suppose 5*g - m = 72. Let v = g - 60. Determine f(v).
-8
Let j(l) = -5*l - 7. Let o(a) = 11*a + 14. Suppose 30 = -1010*y + 1016*y. Let q(t) = y*j(t) + 2*o(t). Give q(5).
-22
Let v be -39*(-12)/12*(-2)/(-6). Let y(p) = v + p - 32 + 6 + 10. What is y(12)?
9
Let i(s) = -4254*s**2 + 5*s - 2 + 4252*s**2 + 6 - 2*s**3 - s. What is i(2)?
-12
Let k(j) = 6*j + 3. Let i(v) = -74*v + 161. Let a(m) = -i(m) - 3*k(m). Determine a(3).
-2
Let g = -78 - -71. Let i(q) = 10*q + 8. What is i(g)?
-62
Let d(g) = -g**3 + g**2 + g - 6. Suppose -346*v = -649 - 43. Determine d(v).
-8
Let j(y) = y**3 + 6*y**2 + 4*y + 2. Let g be j(-5). Suppose -g*z - 3 - 4 = 0. Let n(h) = h. Let d(l) = 4*l**2 + 3*l + 1. Let f(q) = z*d(q) + 2*n(q). Give f(-1).
-4
Let f be ((-6)/(-4))/(1/(-6)). Let a = 192 - 200. Let j = a - f. Let z(r) = -19*r - 1. Calculate z(j).
-20
Let i(r) = -r - 1. Let h be ((-2)/4)/(6 + (-13)/2). Let g(y) = -9*y + 4. Let c be g(h). Calculate i(c).
4
Let f(w) = -34 - 19 - 15*w - 32*w**2 - 4 + 31*w**2. Give f(-10).
-7
Let v = 18 + -16. Suppose -4*z - 4 + v = 2*d, -4*z - 22 = -2*d. Let h(u) = -19*u + 3 + 56*u - 18*u - 17*u + 1. Determine h(d).
14
Let m(r) = -7*r**2 - 72*r - 11. Let t be m(-10). Let o(w) = -5*w**2 + t - 22*w**2 + 35*w**2 + w**3 - w + 4*w. Give o(-7).
37
Let d(s) be the third derivative of -s**5/30 + 2*s**4/3 - 17*s**3/6 + 5*s**2 + 2*s - 8. Determine d(6).
7
Suppose -2*c + 6 = 0, -2*h - c + 5*c = 4. Suppose 19 + 49 = h*t. Let o be 53/t - (10/(-17))/(-5). Let y(x) = x**3 - 2*x**2 - 3*x + 2. Give y(o).
2
Let a(k) = -2*k**3 - 8*k**2 - 5*k - 2. Suppose -14 = 2*d - 14*j + 12*j, -1 = -d - j. What is a(d)?
-5
Let a(d) = 37*d - 3. Let g(l) = -3*l**2 + 21*l - 17. Let c be g(6). Give a(c).
34
Let c(n) = -27*n + 745. Let i be c(27). Let u(j) = j**3 - 17*j**2 + 14*j + 35. Determine u(i).
3
Let v(j) be the third derivative of j**5/20 - 7*j**4/4 + 13*j**3/6 + 4387*j**2. What is v(13)?
-26
Let v(l) = l**3 + l + 1. Let w be (4/(-5))/(-6 - (-64)/10). Let g(q) = q**3 - 10*q**2 - 11*q - 10. Let m(k) = w*v(k) + g(k). Determine m(-9).
24
Let v = -8 - -3. Let a(z) = 47*z + 54*z - 147*z - 5 + 52*z. Calculate a(v).
-35
Let y(k) = -3*k + 91. Let f = -19988 + 20005. Calculate y(f).
40
Let r(m) be the first derivative of -2*m**3/3 - 5*m**2 + 10*m + 1. What is r(-6)?
-2
Let a(b) = -2*b + 36 - 7*b - 5*b + 16*b. Give a(0).
36
Let n(i) be the first derivative of -i**2/2 - 4*i - 28. Let q(r) = -33*r + 998. Let p be q(30). Give n(p).
-12
Let x be 14/56*10*2. Let b be 3/(-2) + (x/2 - 1). Suppose 5*z + 11 + 14 = b. Let p(a) = a**3 + 6*a**2 + 2*a + 1. Calculate p(z).
16
Let u = 104 + -100. Suppose -3*m + 4*z + 4 = -0, -3*z = -2*m + u. Let x(g) = g**3 + 5*g**2 + 5*g + 5. Calculate x(m).
1
Let z(t) be the second derivative of -t**4/12 + 2*t**3 - 19*t**2/2 - 270*t - 1. What is z(8)?
13
Let m(n) = 160*n - 315. Let v(k) = 5*k - 4. Let x(g) = -m(g) + 25*v(g). Give x(6).
5
Suppose 13*l - 1602 - 621 = 0. Let s = l + -174. Let o(w) = -w**3 - 3*w**2 - 2*w - 2. Determine o(s).
4
Let b(j) be the third derivative of j**5/30 + j**4/12 + j**3/6 + 48*j**2. Suppose -3*y = 3*h - 3, 6*y + 9 = 3*y + 3*h. Calculate b(y).
1
Let n(m) = -5*m**2 + 17*m + 44. Let y(w) = -8*w**2 + 33*w + 85. Let i(u) = 5*n(u) - 3*y(u). What is i(-7)?
14
Let a(i) be